 6679*z - 1411222. Calculate k(205).
-2
Let g(b) = 92*b**2 + 2791*b + 11171. Determine g(-4).
1479
Let s(i) = 25*i**2 - 3935*i - 3935. Determine s(-1).
25
Let n(w) = -7026*w - 1615977. Calculate n(-230).
3
Let o(m) = m**3 - 117*m**2 + 1430*m + 1305. Determine o(103).
69
Let x(y) = 2*y**3 - 99*y**2 + 460*y - 30. Calculate x(5).
45
Let i(y) = -6*y**2 - 742*y - 21378. Calculate i(-78).
-6
Let k(s) = -49*s**3 - 538*s**2 + 1078*s + 8. Determine k(2).
-380
Let k(i) = 47*i**2 + 16*i - 214. What is k(6)?
1574
Let s(o) = 18329*o - 110265. Determine s(6).
-291
Let x(c) = 67993*c + 3535612. Give x(-52).
-24
Let q(z) = z**3 - 106*z**2 - 2278*z - 35. What is q(-18)?
793
Let c(x) = -38*x**2 + 1206*x + 1577. Calculate c(33).
-7
Let k(u) = 7*u**2 + 2710*u + 34399. Calculate k(-374).
-9
Let r(u) = -152*u - 1589. Calculate r(-31).
3123
Let b(l) = -11*l**3 - 170*l**2 - 100*l - 363. Calculate b(-15).
12
Let j(g) = g**3 + 129*g**2 + 3901*g + 524043. What is j(-130)?
13
Let a(i) = 134*i**2 + 1081*i + 19. What is a(-4)?
-2161
Let p(q) = 37956*q + 151833. What is p(-4)?
9
Let t(d) = -d**2 + 7469*d - 1033230. Calculate t(141).
18
Let n(x) = 18*x**2 - 35*x - 258. Determine n(8).
614
Let m(b) = b**2 - 1483*b + 14743. Calculate m(10).
13
Let m(u) = 34*u**2 + 865*u + 864. Calculate m(-1).
33
Let k(s) = -2*s**2 - 182236*s - 1093334. What is k(-6)?
10
Let k(r) = -r**2 - 593*r + 10631. What is k(18)?
-367
Let v(r) = 2*r**3 + 1503*r**2 - 18369*r + 551. Give v(12).
11
Let u(y) = -y**3 - 134*y**2 - 106*y + 20906. Calculate u(-132).
50
Let z(l) = 34*l**2 - 340*l + 1013. What is z(3)?
299
Let p(h) = -h**2 - 119*h + 11434. Determine p(63).
-32
Let y(w) = 61*w**3 - 2615*w**2 - 345*w + 5. Determine y(43).
-38
Let c(n) = n**2 + 328925*n - 1315723. Calculate c(4).
-7
Let m(g) = 636*g**2 + 24811*g - 60. Give m(-39).
-333
Let o(v) = -93245*v + 10. Give o(0).
10
Let t(f) = -f**2 - 139*f + 27039. Give t(109).
7
Let h(g) = -12118*g**2 - 484722*g - 74. What is h(-40)?
6
Let n(w) = 501*w - 4323. What is n(7)?
-816
Let h(w) = -782*w + 12558. Determine h(16).
46
Let p(w) = 1430*w - 112058. Calculate p(78).
-518
Let q(z) = 27*z**2 - 486*z + 105. Give q(17).
-354
Let f(x) = -1971*x + 9975. What is f(5)?
120
Let m(r) = 43*r**3 - 300*r**2 + r - 51. Give m(7).
5
Let q(o) = 9*o**2 - 258*o + 84. Calculate q(30).
444
Let z(i) = -9*i**2 - 417*i + 3380. Give z(7).
20
Let l(m) = 16034*m - 48089. Give l(3).
13
Let h(d) = 12*d**3 + 56*d**2 + 28*d - 8. Determine h(-7).
-1576
Let q(h) = 3062*h + 309316. Calculate q(-101).
54
Let s(u) = 368*u**2 - 239569*u + 652. Give s(651).
1
Let w(a) = 9707*a - 164946. Calculate w(17).
73
Let y(s) = -10*s**2 - 2552*s + 42986. Calculate y(-271).
168
Let f(x) = -16*x**2 - 1804*x - 9024. Give f(-5).
-404
Let q(j) = j**3 + 9*j**2 - 6796*j + 797. Give q(78).
17
Let k(p) = 1988*p + 228566. Calculate k(-115).
-54
Let n(d) = d**3 - 84*d**2 + 458*d + 2. Give n(6).
-58
Let c(p) = 5*p**2 - 34*p - 68. What is c(-9)?
643
Let h(p) = -7111*p - 476393. Calculate h(-67).
44
Let m(n) = n**2 + 134841*n + 1213475. Determine m(-9).
-13
Let d(u) = 220*u - 9789. Give d(56).
2531
Let l(h) = -80650*h - 24678926. Give l(-306).
-26
Let q(v) = -68173*v + 68210. Determine q(1).
37
Let v(t) = -13*t**3 - 1153*t**2 - 3008*t + 93. Determine v(-86).
-79
Let l(t) = 1638*t**2 + 6302*t - 1023. Determine l(-4).
-23
Let n(w) = -1122*w + 18973. Give n(18).
-1223
Let w(g) = 2*g**3 - 26*g**2 + 99*g + 48. Calculate w(9).
291
Let s(y) = -26*y**2 - 1720*y + 176. Determine s(-64).
3760
Let h(f) = -437222*f - 9181673. Determine h(-21).
-11
Let y(a) = -31756*a - 285884. Give y(-9).
-80
Let f(r) = -2846*r + 88098. Determine f(31).
-128
Let h(q) = 29*q**2 + 1966*q - 443. Give h(-68).
-35
Let j(x) = 2*x**3 + 21*x**2 + 54*x + 106. Give j(-6).
106
Let z(a) = -2*a**2 - 149*a - 480. Determine z(-3).
-51
Let d(l) = -10*l**2 + 179*l - 1602. Determine d(9).
-801
Let y(j) = j**3 + 36*j**2 - 97*j - 1417. Determine y(-38).
-619
Let g(h) = -h**3 - 19*h**2 + 554*h + 10478. Give g(-19).
-48
Let a(q) = -807096*q + 1. Determine a(0).
1
Let w(q) = 3*q**3 - 88*q**2 + 573*q + 450. What is w(11)?
98
Let g(p) = 79390*p - 2461092. Determine g(31).
-2
Let t(q) = q**2 + 6415*q - 96467. Calculate t(15).
-17
Let t(p) = -7*p**3 - 13*p**2 - 458*p - 1750. What is t(-4)?
322
Let c(l) = 3654*l - 59461. What is c(16)?
-997
Let c(p) = 471*p + 53633. Determine c(-114).
-61
Let c(v) = v**3 - 79*v**2 + 397*v - 17422. Calculate c(77).
1289
Let k(o) = -77211*o + 1080942. Determine k(14).
-12
Let v(u) = -4504*u**2 + 13540*u + 13. Determine v(3).
97
Let a(i) = -11*i**3 - 1046*i**2 - 81*i + 1292. Determine a(-95).
-38
Let t(x) = 2*x**3 + 23*x**2 + 18*x - 125. What is t(-10)?
-5
Let y(t) = 3574*t - 56854. Give y(16).
330
Let v(s) = -2*s**3 + 640*s**2 + 649*s - 2264. Determine v(321).
-17
Let o(r) = 10*r**2 + 1803*r + 15891. What is o(-171)?
-12
Let t(h) = -54829*h - 1809358. Give t(-33).
-1
Let f(u) = 123*u + 58788. What is f(-478)?
-6
Let q(f) = -f**2 - 28554*f + 6997663. Calculate q(243).
-8
Let i(h) = 4*h**3 - 244*h**2 - 578*h - 12154. What is i(64)?
6
Let p(l) = l**3 + 45*l**2 - 90*l - 639. Calculate p(-45).
3411
Let y(g) = -49*g**3 + 3*g**2 - 59*g + 171. Determine y(3).
-1302
Let w(h) = 18*h**3 + 33174*h**2 + 132406*h - 3675. Give w(-1839).
3
Let r(w) = 105*w + 216. What is r(1)?
321
Let l(c) = 7*c**2 + 52*c - 739. Determine l(8).
125
Let s(p) = -491*p - 14784. Calculate s(-30).
-54
Let r(p) = p**3 - 116*p**2 - 101*p - 1517. Give r(117).
355
Let g(y) = 1151*y - 519077. What is g(451)?
24
Let q(y) = -8*y**2 + 92*y - 1205. What is q(13)?
-1361
Let q(m) = -9*m**2 - 559*m - 8574. Give q(-35).
-34
Let o(p) = -p**2 - 221*p + 3796. Determine o(16).
4
Let b(s) = -15*s**3 - 675*s**2 + 12326*s + 554671. Calculate b(-45).
1
Let w(u) = 2*u**3 - 14*u**2 + 129*u - 1171. What is w(8)?
-11
Let c(l) = -1188*l + 4759. Give c(4).
7
Let w(m) = -2*m**3 + 94*m**2 - 24*m + 1402. What is w(47)?
274
Let v(f) = -f**3 + 28*f**2 + 3784*f - 798. Give v(77).
49
Let x(i) = -5*i**2 + 77*i - 502. Calculate x(15).
-472
Let m(y) = -2*y**2 + 48*y + 3714. Calculate m(-37).
-800
Let i(q) = 22290*q - 21598995. Determine i(969).
15
Let p(g) = -g**3 - 696*g**2 - 346*g - 240820. What is p(-696)?
-4
Let i(x) = -2817*x + 65212. Give i(23).
421
Let q(o) = -o**3 - 5*o**2 + 94*o + 281. Give q(9).
-7
Let x(k) = 2675*k - 580466. Give x(217).
9
Let p(h) = h**3 - 246*h**2 + 2341*h + 4504. What is p(236)?
20
Let m(n) = -22382*n - 246178. Determine m(-11).
24
Let a(d) = 17940*d + 53840. What is a(-3)?
20
Let y(u) = 2*u**2 + 219*u + 4737. Determine y(-80).
17
Let q(c) = c**3 - 18*c**2 - 11159*c + 211652. Calculate q(19).
-8
Let t(p) = -2*p**3 - 15*p**2 + 26*p - 1082. Determine t(-10).
-842
Let r(m) = m**3 - 436*m**2 + 3021*m - 7732. Give r(429).
-10
Let n(a) = -2*a**2 + 169*a - 3886. Give n(55).
-641
Let p(h) = 675*h**2 + 42226*h - 18845. Calculate p(-63).
-8
Let z(d) = d**2 + 56*d - 3625. Give z(62).
3691
Let d(f) = -1664*f - 4992. What is d(-3)?
0
Let a(t) = -t**3 + 19*t**2 - 77*t + 694. Determine a(18).
-368
Let n(p) = 9420*p - 19397. Determine n(2).
-557
Let w(o) = -76*o**2 + 1013*o + 42856. Give w(-18).
-2
Let b(x) = -31*x + 24. Determine b(-3).
117
Let d(s) = -16*s**2 + 1498*s + 79. Calculate d(93).
1009
Let s(z) = -z**2 + 33*z + 2495. Calculate s(-34).
217
Let m(h) = 637*h**3 - 5*h**2 - h. What is m(1)?
631
Let d(o) = 2*o**3 + 164*o**2 + 2908*o - 216. What is d(-56)?
8
Let r(k) = -3746651*k + 41213158. Determine r(11).
-3
Let z(n) = 560249*n + 3921748. Give z(-7).
5
Let f(j) = -j**2 + 2344*j - 722346. Calculate f(365).
-11
Let j(u) = 2629*u - 31475. Give j(12).
73
Let b(m) = -2*m**3 + 143*m**2 - 361*m + 1109. Give b(69).
5
Let z(q) = q**2 + 35*q - 2279. What is z(-68)?
-35
Let w(j) = j**2 + 167*j - 6985. What is w(42)?
1793
Let w(d) = 26433*d + 30. Determine w(0).
30
Let n(w) = 36*w**2 + 187*w + 1321. Give n(-7).
1776
Let h(z) = 197209*z - 1774860. What is h(9)?
21
Let p(g) = -5*g**2 - 702*g + 20459. Determine p(24).
731
Let q(p) = 710*p - 37574. Give q(53).
56
Let h(w) = w**3 - 129*w**2 + 235*w + 3385. Calculate h(127).
972
Let u(j) = 9*j**2 + 1346*j - 15902. What is u(11)?
-7
Let a(m) = m**3 - 2*m**2 - 98*m + 491. What is a(7)?
50
Let v(x) = 15*x**2 + 3898*x + 252686. What is v(-136)?
-2
Let y(t) 